145 + 4.
2, 19
Let k(g) = 7*g**3 + 5*g**2 + 5*g - 2. Let d be k(-3). Let t = 249 + d. List the prime factors of t.
2, 11
Let z = -447 - -759. Suppose -6*j - 60 = -z. What are the prime factors of j?
2, 3, 7
Let s(p) = -6*p**3 - 2*p**2 + 3*p - 1. Suppose -2*a = 3*l + 19, -l = l - 3*a - 9. List the prime factors of s(l).
2, 67
Let a(i) = -i**3 + 8*i**2 - 14*i - 1. Let f be a(5). Suppose -15 = 3*t, f*t = 5*g - 0*g - 160. What are the prime factors of g?
2, 7
Let h = -36 - -62. Suppose -3 + 15 = -3*v, -r + 3*v = -h. What are the prime factors of r?
2, 7
Let v(r) = -r**2 - 2*r + 3. Let b be v(0). Suppose 0 = 3*w - b*f - 588, 5*w - 793 = f + 167. What are the prime factors of w?
191
Let n = -1227 - -1299. List the prime factors of n.
2, 3
Let k be 24/((-22)/(-16) - 1). Suppose 0 = -3*t + p + k, p = 4*p + 12. What are the prime factors of t?
2, 5
Let g(t) = 50*t + 11*t - 2*t - 7. List the prime factors of g(3).
2, 5, 17
Let z = -17 - 11. List the prime factors of (z/(-98))/(2/322).
2, 23
Let i(w) = -w**3 - 15*w**2 - 23*w + 47. List the prime factors of i(-17).
2, 127
Let u(t) = t**3 - 4*t**2 - 4*t - 4. Suppose o = 4*r - 7, o - 2*r - 14 = -3*o. Let q be u(o). Suppose -q - 25 = -j. What are the prime factors of j?
2, 13
Let d be (-168)/(-6)*1/4. Let c be (-1)/(-2)*(d + -161). Let k = c - -149. What are the prime factors of k?
2, 3
Let l(y) = 18*y**3 - 2*y**2 + y. Let z be l(1). Let b = z - 7. List the prime factors of b.
2, 5
Let o(n) = -2*n + 2. Let v be o(-1). Suppose -3*y = 0, 0 = -4*i - v*y + 179 - 19. Suppose 8 + i = 4*l. What are the prime factors of l?
2, 3
Suppose -l = -4, 3*b = 7*b + l - 64. Suppose 2*h + 0*h = 50. Let i = h - b. What are the prime factors of i?
2, 5
Suppose 90*q = 72*q + 24030. List the prime factors of q.
3, 5, 89
Suppose 2*y + 0*d - 8 = 2*d, 2*y + 2*d = 0. Suppose b = -y*q + 54, 3*q = 3*b + b - 183. List the prime factors of b.
2, 3
Let l be -6*((-40)/12)/5. Suppose 0 = -2*k - 0*k - d + 174, -l*k + 3*d = -358. What are the prime factors of k?
2, 11
Suppose -z + 0 = -397. Suppose 17*r + 91 = z. What are the prime factors of r?
2, 3
Suppose -2*n - 22 = 10. Let i be (4/n*0)/(-1). Suppose b + 2*b - 24 = i. What are the prime factors of b?
2
Let r(t) = 3*t**2 - 3*t - 3. Suppose -z = 4*z - 20. Suppose y - z*y - 5*b + 19 = 0, 5*y - 2*b = 11. List the prime factors of r(y).
3, 5
Suppose -5*x + 13 - 178 = 0. What are the prime factors of -1 - x*(-4)/(-3)?
43
Let l(d) = -5*d**3 + 2*d**2 - 1. Let w be l(-1). Suppose v = w*v - 1270. What are the prime factors of v?
2, 127
Let p(f) = f**2 - f + 100. Let u be p(0). Let v = -48 + u. What are the prime factors of v?
2, 13
Suppose -2*r - 5*o + 648 = 0, -r - 8 + 333 = 3*o. List the prime factors of r.
11, 29
Suppose 2*a = 4 - 0. Suppose u - 2*n = 3*n, 0 = -a*u + 2*n. Suppose -2*f + 7*f - 75 = u. List the prime factors of f.
3, 5
Let p = -103 - -2964. What are the prime factors of p?
2861
Let z(k) = -89*k - 191. List the prime factors of z(-10).
3, 233
Suppose 0 = 4*h - 5*b - 7, h - b - 5 = -3. Suppose -2*k = -h*z + 152, 4*k + 83 = 2*z - k. What are the prime factors of z?
2, 3
Let k(t) = t + 4. Let c be k(11). Suppose -c*g = -3*g - 1428. List the prime factors of g.
7, 17
Suppose 4*f - 16 = -2*x + 6, -15 = 3*x. Let j(n) = -n - 6. Let b be j(f). Let w = 19 - b. What are the prime factors of w?
3, 11
Suppose 54 = 4*m + 3*a, -a = 2*m + m - 38. Let s(f) = f - 8. Let y be s(m). Suppose -5*k = -2*r - 29, y*r = -2*k - 3*k + 47. What are the prime factors of k?
7
Suppose 0*s = 5*s + 2*t - 230, 5*s = -5*t + 230. Let i = 15 + s. What are the prime factors of i?
61
Let l(y) = y**2 - 16*y - 11. Suppose -16*x = -15*x + 6. List the prime factors of l(x).
11
Let v = 17 - 12. Suppose -66 = v*t - 726. List the prime factors of t.
2, 3, 11
Let m be (2 - (-33)/9) + (-16)/24. Let k(q) = 3*q**3 - 13*q**2 + 6*q - 2. List the prime factors of k(m).
2, 3, 13
Let s = 1354 - 799. What are the prime factors of s?
3, 5, 37
Let f be 2/16*-4 - (-271)/(-2). Let o = -125 - f. What are the prime factors of o?
11
Suppose -297 = -3*l - 312. What are the prime factors of l/(90/(-1107))*(1 + 1)?
3, 41
Let q(d) = -d**2 + 10*d + 19. Let z be q(11). Suppose 5*t + j = 218, 2*t + 3*j - z = 74. What are the prime factors of t/5 - 11/(-55)?
3
Suppose -10 = -4*g + 5*z, -2*z = -5*g + 3*z + 10. What are the prime factors of 0 - -3 - (-35 + g)?
2, 19
Let c = -2119 - -3064. List the prime factors of c.
3, 5, 7
Let d be (15/5 + -5)*-1. Suppose 40 = 2*q + 5*w, -2*q - d*w - 11 + 51 = 0. List the prime factors of q.
2, 5
Let p(u) = -357*u - 112. List the prime factors of p(-12).
2, 7, 149
Let a(s) = -s**3 + 4*s**2 - 2*s - 1. Let i be a(2). Suppose -i*x + 24 = -24. What are the prime factors of x?
2
Suppose -46*g + 5742 = -41*g - 3*r, -2*r + 2300 = 2*g. List the prime factors of g.
3, 383
Let z(j) = j**2 - j - 2. Let n be z(4). Let b(t) = -t + 20. Let g be b(n). List the prime factors of (5/g)/(2/80).
2, 5
Let w be (-98)/(-5) + 54/(-90). Suppose 0 = -2*s - 0*s. Suppose s = b - w + 7. What are the prime factors of b?
2, 3
List the prime factors of (108/(-8))/9*-29*8.
2, 3, 29
Suppose -410*f = -412*f + 3486. What are the prime factors of f?
3, 7, 83
Suppose 17*y = -11*y + 16128. What are the prime factors of y?
2, 3
Let h(k) = 72*k**2 + 2*k + 1. Let g be h(-1). Suppose m + g = q - 0*m, -5*q - 2*m = -369. List the prime factors of q.
73
Let q = 26 - 23. Suppose c + q*c = 16. Suppose 3*s + 4*w - w = 75, 80 = 2*s - c*w. List the prime factors of s.
2, 3, 5
Let p(m) = -m**3 + 24*m**2 - 11*m - 30. List the prime factors of p(21).
2, 3, 59
Let m(q) = -q**2 + 2*q + 5. Let n be m(-4). Let w = n - -16. What are the prime factors of (-6 + 3 - w) + 33?
3, 11
What are the prime factors of 10/(-45) - (-23832)/81?
2, 3, 7
Suppose 16 = 5*k - 4. Suppose -169 = k*h - 465. What are the prime factors of h?
2, 37
Let y = -147 + 226. List the prime factors of y.
79
Suppose -51 = -8*d + 3*d + 3*r, -5*d + 43 = r. Suppose 7*u = d*u - 14. What are the prime factors of u?
7
Suppose 2*t + 4*n - n - 15 = 0, -3*t = 4*n - 21. Suppose -l - 30 = -4*d - t*l, 0 = d - l - 9. What are the prime factors of 172/d - (-2)/(-4)?
3, 7
Let b = -116 - -146. What are the prime factors of b?
2, 3, 5
Let h(q) = 5*q**3 + q**2 - 2*q + 2. What are the prime factors of h(4)?
2, 3, 5, 11
Let t = -2853 + 4856. What are the prime factors of t?
2003
Suppose 0 = -2*g + 5*o + 112, g - 2*g + 56 = -4*o. Let j be (-9)/6*g/(-6). Suppose 5*t - 6 - j = 0. What are the prime factors of t?
2
Suppose 5*g - 6 - 4 = 0. Suppose -k = -4*s - 29, -2*k - g*s - 15 + 63 = 0. List the prime factors of k.
5
Suppose -130*v + 152*v - 33528 = 0. List the prime factors of v.
2, 3, 127
Suppose 2*r + 4*v + v = 36, -2 = -v. Suppose -30 = -4*x + 3*x + o, -5*x + 3*o = -156. Let i = x + r. List the prime factors of i.
2, 23
Let z(y) = 12*y - 24. Suppose -l + 84 = 5*l. What are the prime factors of z(l)?
2, 3
List the prime factors of (3 - 3/(-2))*24.
2, 3
What are the prime factors of ((-1074)/(-18))/((-5)/(-285))?
19, 179
Suppose 5*p - 10 = -5*k + 10, 13 = 4*p + 5*k. Suppose p*i = 5*i + 14. List the prime factors of (-14 - i)/((-6)/4).
2, 7
Let n = 4215 - 2248. List the prime factors of n.
7, 281
List the prime factors of ((-4)/3)/(-2*(-4)/(-25392)).
2, 23
Let b = 8 + 49. Suppose 3*r - b = -3*g, 3*r - 7 = 4*g - 83. Let s = 78 - g. What are the prime factors of s?
59
Suppose 10*n + 12 = 11*n. Suppose 2*u - 6*u = -n. Suppose 3*l = u*t + 96, 0*l + 2*l - 44 = -2*t. What are the prime factors of l?
3
Let p be (5/(-15))/(1/(-12)). Suppose -p*v - 1 = -9. Suppose 129 = -v*z + 5*z. What are the prime factors of z?
43
Suppose 4*m - 20 = -8. Suppose 5*z - 164 = -m*c, -3*c = -2*c + 4*z - 64. What are the prime factors of c?
2, 3
Let s be 2/2 + 9 + -12. List the prime factors of (144/(-42))/(s/7).
2, 3
Let i(h) = h**3 - h**2 - h - 79. Let u be i(0). What are the prime factors of (5 + u)*(-2)/4?
37
Let d = 357 - 197. Suppose -i - d = -5*i. Suppose 2*p - i - 2 = 0. List the prime factors of p.
3, 7
Let o be 105/3*2/1. Suppose -15*d = -12*d - 6. List the prime factors of (5/d)/(7/o).
5
Let x = -39 - 5. Let d = x + 83. Suppose 171 - d = 4*o. What are the prime factors of o?
3, 11
Suppose 5*g = w - 64, -35 = -w + 2*g + 20. Suppose 2*i - 36 = -